-5). Calculate the highest common factor of i and h.
15
Let l = 254 + 490. Suppose 0 = -25*v + l + 556. Suppose 4*d = 12 + 4. What is the highest common divisor of v and d?
4
Let z = -5030 + 5054. What is the highest common divisor of 3072 and z?
24
Suppose 12*p - 65 + 5 = 0. Let r be (-3)/p - 2187/(-45). What is the highest common factor of 18 and r?
6
Let r = -4453 + 4929. Suppose -5*u - 3*t = -t - 64, 0 = 3*u + t - 39. What is the highest common divisor of u and r?
14
Let a = -88 - -151. Suppose 27*k - 11*k - 144 = 0. What is the highest common divisor of k and a?
9
Let a(k) = -k**3 - 14*k**2 + 56*k + 120. Let n be a(-18). What is the highest common factor of n and 396?
12
Let x(j) = -j**3 - 22*j**2 + 74*j + 60. Let n(a) = -2*a**3 - 14*a**2 - 16*a - 49. Let t be n(-6). Let o be x(t). What is the highest common factor of o and 221?
17
Suppose 0 = 2*i - 4*z + 32 - 0, -i + 5*z = 13. Let k = 8 - 2. Let c = k - i. What is the highest common factor of c and 3?
3
Suppose 4*c - 1046 = -64*o + 59*o, 4*c = -o + 1054. Calculate the greatest common factor of 72 and c.
24
Suppose n + 3 = 2*l + 31, l = -3*n + 70. Let p be (0 - -4)/(30 + -34). Let y be -2 + 6 + -10 + p + 23. What is the greatest common divisor of y and n?
8
Let p(h) = -30*h - 56. Let u be p(-3). Suppose -15*z = -u*z + 1729. Calculate the highest common factor of 91 and z.
91
Suppose 20*c = 1147 - 7. What is the greatest common divisor of 9519 and c?
57
Suppose 80 = 3*w + 14. Suppose 3 = t - w. Let o = t - 15. What is the greatest common factor of o and 90?
10
Let x(y) be the second derivative of -19*y - 1/2*y**2 + 28/3*y**3 + 0. Let k be x(1). Calculate the highest common divisor of k and 11.
11
Let a(h) = -7*h + 78. Let i(r) = -14*r + 156. Let o(x) = 5*a(x) - 3*i(x). Let q be o(12). What is the greatest common factor of q and 36?
6
Let h(m) = 3*m**3 - 24*m**2 - m - 43. Let c be h(10). Calculate the highest common factor of 1 and c.
1
Suppose -12*j - 8906 + 10130 = 0. What is the greatest common factor of 136 and j?
34
Let w(c) = c**3 + 18*c**2 + 67*c + 22. Let z be w(-17). Let s = z - -1628. What is the greatest common factor of 10 and s?
10
Let y = 15 + 73. Suppose -5*i + 5*p + 108 = 4*p, 18 = i - 2*p. What is the greatest common divisor of i and y?
22
Suppose -13 = c + r, -3*c = -4*r + 2*r + 44. Let n be (-3 - c/6) + 28/6. What is the greatest common factor of 1 and n?
1
Let v = -388 + 262. Let s = 225 + v. What is the greatest common factor of 33 and s?
33
Let s = 340 + -338. Suppose -26 = -2*m - s*d + 394, 0 = 3*m - 2*d - 630. What is the greatest common factor of m and 28?
14
Suppose -3*g = 4*s - 5396, 5*s - 2497 = -3*g + 2898. What is the greatest common divisor of g and 27?
9
Suppose 2*m = -5*s + 21, 0 = 8*s - 4*s + 3*m - 21. Let d = 21 + 3. What is the greatest common divisor of s and d?
3
Suppose -d + 0 = -3, -4*g - 4*d = -312. Suppose 0 = 2*o + 3*o + 4*f - 62, o - 4 = 2*f. What is the highest common factor of o and g?
5
Let g be (-1*(-39)/6)/(7/98). Suppose 392 + g = 23*h. Suppose 21 = -4*w + 77. What is the highest common factor of w and h?
7
Suppose -4*q = 5*x + 209, q + 8*x + 44 = 4*x. Let h = -32 - q. Suppose -5*s + y = -42, s + h = 2*s + 5*y. Calculate the highest common divisor of 45 and s.
9
Let o be (9*1/(-5))/(9/(-90)). What is the highest common factor of 72 and o?
18
Let f = -18 - -13. Let n(c) be the third derivative of c**5/30 + 5*c**4/12 + c**3/3 + 233*c**2. Let s be n(f). What is the greatest common divisor of s and 14?
2
Let u be 4/10 - 27/5. Let s be (6/u*-1)/(15/950). What is the highest common factor of s and 114?
38
Suppose 0 = l - 7*z + 4*z + 39, 4*l + 5*z + 173 = 0. Let i = l + 46. Let w be 9 + 25/10*12/10. What is the highest common divisor of i and w?
4
Suppose 13*w = -29*w + 924. Calculate the highest common divisor of 2 and w.
2
Let p be (30/3 + 5196/(-18))/((-2)/3). Calculate the highest common factor of 66 and p.
22
Let z be (630/(-20))/(20/(-1520)). What is the highest common factor of z and 630?
126
Let l be (4 + -6)/2 + 2. Let b be (l*4/6)/((-2)/123). Let m = b + 113. What is the greatest common divisor of 8 and m?
8
Suppose 24*v - 1014 = 1266. What is the greatest common divisor of 19 and v?
19
Suppose m + 1805 = 5*l + 53, l = 5*m + 408. Let v = 18 + -6. Calculate the highest common divisor of v and l.
12
Let r = -29957 - -30044. Calculate the highest common factor of 9483 and r.
87
Suppose -20061 = -114*d - 6495. What is the highest common factor of 168 and d?
7
Suppose -3*y + 13 + 47 = 0. Let g be y*175/28 - 6. Calculate the greatest common divisor of 34 and g.
17
Let f(g) = -14 - 14*g + 2*g + 15*g + 4*g**2 + 15. Suppose 2*l - 4 = -0*l. Let h be f(l). Calculate the greatest common divisor of 299 and h.
23
Suppose -2*d - 18 = -36. Suppose -d*h = -6*h - 252. What is the highest common factor of h and 24?
12
Suppose 0 = -16*s + 3731 + 18109. Calculate the highest common divisor of 210 and s.
105
Let o(g) = g**3 - 3*g**2 + 2*g - 3. Let v be o(3). Suppose v*t - 5*w = -t + 166, w = -4*t + 154. What is the greatest common factor of 12 and t?
3
Let y(k) be the second derivative of 2*k**3 - 8*k**2 - 90*k. Let d be y(5). What is the greatest common factor of d and 748?
44
Let i = -3031 - -3260. What is the greatest common factor of 1 and i?
1
Suppose 31*z - 5*v = 26*z + 2225, 0 = -3*z + 2*v + 1333. Calculate the highest common divisor of z and 1.
1
Let o(s) = 470*s + 3075. Let t be o(-6). Calculate the greatest common factor of t and 285.
15
Suppose -3*l - 9 = 3*j, 2*l - 3*j + 6 = 2*j. Let w be 12 + 6 + (7 + l)*-1. What is the highest common factor of w and 84?
14
Suppose 3*k - 237 = -69. Let t = -5205 - -5212. What is the highest common divisor of t and k?
7
Let q(o) = -o**3 + 20*o**2 - 71*o + 10. Let u be q(6). Calculate the greatest common factor of 80 and u.
8
Let q(b) = -82*b - 4. Let y be q(-7). Let g = 15290 - 15260. What is the greatest common factor of g and y?
30
Let a be ((-324)/(-6) - 1 - 3)*-8. Let p be a/(-104) + -4 + 1048/52. What is the highest common divisor of p and 36?
4
Suppose 55 - 13 = -x. Let m be (x/4)/(24/(-32)). Suppose 3*q - 21 - 21 = 0. What is the highest common divisor of m and q?
14
Let z(w) = 63*w + 2. Let n be z(2). Let c(u) = u**3 - 32*u**2 + 102*u + 312. Let y be c(28). What is the highest common divisor of n and y?
32
Suppose 2*i + 3*i - 2*c = 116, 0 = 4*i + 5*c - 106. What is the greatest common divisor of i and 132?
12
Suppose 0 = -69*u + 749269 + 212522. Calculate the highest common divisor of 53 and u.
53
Let q be 9/(-54) - 50/(-12). Let u(o) = -q - 5*o - 26 + 1. Let w be u(-10). Calculate the greatest common factor of 21 and w.
21
Suppose 0 = -5*k - k - 42. Let l be (-3)/k + 2192/112. Calculate the greatest common factor of 20 and l.
20
Suppose 847 = 7*l + 371. Suppose 41 = 2*y - 61. Calculate the greatest common factor of y and l.
17
Suppose 2*x + 17 - 133 = 0. Let o = -4172 - -4317. What is the greatest common factor of o and x?
29
Let n(j) = 1. Let a(z) = z - 4. Let x(u) = 5*a(u) - 35*n(u). Let t be x(15). Let s be (-6 + -34)/((-1)/2). Calculate the greatest common factor of s and t.
20
Suppose -4 - 81 = -5*o. Suppose -25*j - 24 = 35*j - 2064. Calculate the highest common factor of o and j.
17
Suppose -14*f + 218328 + 3981 = 38727. Calculate the highest common divisor of f and 18.
9
Suppose -4*f - 77 = 3*d - 424, -f = 4*d - 467. Let n = 43594 + -43585. What is the highest common divisor of d and n?
9
Suppose 0 = 106*h - 107*h + 132. Let d = 9 - -13. Suppose 0*b = -b + d. Calculate the greatest common factor of h and b.
22
Let q = -1 - 2. Suppose -12*i - 7140 = -182*i. Let b = i - q. What is the greatest common factor of b and 18?
9
Let o be (-20)/(-4) + 2590/10. What is the greatest common divisor of 40 and o?
8
Suppose 10*f = -17*f. Suppose 2*d - 547 - 153 = f. Calculate the greatest common factor of 14 and d.
14
Let l(z) = -1966*z - 6805. Let d be l(-5). Calculate the greatest common factor of d and 25.
25
Let z = 5259 - 3091. Calculate the greatest common divisor of z and 813.
271
Suppose -4*n + 4*f + 159 + 221 = 0, n - 67 = -3*f. What is the greatest common divisor of n and 4136?
88
Suppose 2514*c + 440 = 2558*c. What is the highest common divisor of c and 310?
10
Let x = 20 - 544. Let u(k) = -6*k**2 +